ose -4*z + 0*z + 8 = 0. Suppose -z*q = 5*d - 18 - 1, 3*d - 11 = -q. Suppose q*w - 24 - 19 = -5*t, -4*t + 56 = 4*w. What is the units digit of w?
9
Let c be 12/(-30) - 2/(-5). Suppose -2*g - 3*g + 180 = c. Suppose -g + 3 = -3*f. What is the units digit of f?
1
Suppose -z - 3*c + 11 = -68, 3*c = 4*z - 286. Suppose 3*r = z + 53. What is the tens digit of r?
4
Let p be (0 + 4)*7/4. Let f = p + -5. What is the units digit of f?
2
Let b(n) = n**3 + 5*n**2 - 5*n + 36. Let m(c) = c**2 - c - 1. Let l(i) = b(i) - 6*m(i). What is the units digit of l(0)?
2
Let t(v) = v. Let a(y) = y - 1. Let o(h) = -a(h) + 2*t(h). What is the units digit of o(2)?
3
Suppose -g + 89 + 2 = 0. What is the tens digit of g?
9
Suppose 28 = -4*q - 5*n, -2*n = -7*n. Let f(x) = -2*x + 3. What is the units digit of f(q)?
7
Let t = -3 - -63. What is the units digit of t?
0
Let o(g) = -g**3 - 5*g**2 + 5*g - 8. Let s be o(-6). Suppose 9*b = 5*b + 16. Let k = b - s. What is the units digit of k?
6
Let w = -3 - -1. Let i = -22 - -25. What is the tens digit of ((w - i) + 2)*-4?
1
Let f(j) = 15*j**2. Let r be f(-1). Let k = r + -8. Suppose -4*x + k + 61 = 4*v, -5*v = -x + 5. What is the tens digit of x?
1
Let s = -1 - -3. Suppose -s*y = 4*g - 5*y - 23, -4*g = -5*y - 25. What is the units digit of g?
5
Let b(y) = 14*y**2 + y. Let h be b(2). Let s = h + -40. What is the tens digit of s?
1
Let l = 404 + -200. What is the hundreds digit of l?
2
Let u = 57 + 23. What is the tens digit of u?
8
What is the units digit of (5 - (-2 - -2)) + 3?
8
Suppose -4*b - 48 = -4*n, b + 2*n + 13 = 1. Let x = b + 33. What is the tens digit of x?
2
Let m(u) = u**3 - u**2 - u + 1. Let l be m(1). What is the units digit of 3/(l - 3) + 9?
8
Suppose -508 = -4*x + 2*q, -4*x - 2*q - q = -528. What is the tens digit of x?
2
Suppose 6 = 10*j - 9*j. Suppose -f + 85 = 2*m, 2*m - 4*f + 176 = j*m. What is the tens digit of m?
4
Suppose 0 = 4*t - 0*t - 572. What is the hundreds digit of t?
1
Suppose -y + 4*i = 14, -8*i + 31 = y - 3*i. Let l = 1 - 5. What is the units digit of l/y + (-40)/(-6)?
6
Let x(u) = 29*u - 52. What is the tens digit of x(7)?
5
What is the units digit of (0 - 10/(-15))/(6/3699)?
1
Let r be (-3 - -2) + (1 - -1). What is the units digit of 1/(r*(-3)/(-24))?
8
Suppose 3*k + 2*d - 6 = -0*d, 0 = 4*d + 12. Suppose 0 + 3 = g. What is the tens digit of k/6 - (-28)/g?
1
Suppose -5*n - 15 + 55 = 0. What is the units digit of n?
8
Suppose 3*h - 2*h + 13 = 0. Let j = -9 - h. Suppose 5*y - j = y. What is the units digit of y?
1
Let x be 3 + -3 - 144/(-1). Suppose -5*u + u = -x. What is the tens digit of u?
3
Let l(s) = -2*s + 2*s - 3*s + 1 + 4*s. Suppose 4*w - 3*z - 4 - 9 = 0, -4*z = 4*w + 8. What is the units digit of l(w)?
2
Suppose 0 = -8*u + 4*u. Suppose u*z = z. Let g = 7 - z. What is the units digit of g?
7
Suppose 3*l - 2*d + 76 = l, -2*l = 3*d + 56. Let j = l - -81. What is the units digit of j?
7
Let l = 0 + 2. Suppose -x - l = x - 5*t, 0 = x - 2*t + 1. What is the units digit of ((-10)/(-3))/x*-3?
0
What is the tens digit of 4/(-2 - 2) - -58?
5
Suppose 0 = 8*n - 7*n - 119. What is the hundreds digit of n?
1
Let v(t) = 3*t - 11. Let j be v(12). Let q = j - 15. What is the units digit of q?
0
Let q(l) = -l**2 + 6*l + 6. Let z = 9 - 3. What is the units digit of q(z)?
6
Let k(n) be the first derivative of n**4/4 - 5*n**3/3 - 3*n**2/2 + n - 1. What is the units digit of k(6)?
9
Suppose -8*n + 1049 = -175. What is the tens digit of n?
5
Let c(f) = f**2 - 2*f + 4. Let t be c(0). Suppose l - t*i - 1 = 0, -5*l + 4*l - 2*i = -19. What is the tens digit of l?
1
Let k be 1/(((-2)/(-10))/(-1)). What is the units digit of (k/5)/(2/(-10))?
5
Let i(g) = g. Let u be i(-2). Let s be u + 1 + 1 - -4. Suppose 0 = -s*z - 2*k + 1 + 1, 3*k = -2*z - 5. What is the units digit of z?
2
Suppose -4*d = -4*l - 52, -1 = -2*d + 5*d + 5*l. Let v = d + -13. Let q(r) = -r**3 - 5*r**2 - r + 3. What is the units digit of q(v)?
8
Suppose -4*s - 3*i = -20, -2*s = i - 0*i - 10. Suppose 5*a = -s*t + 46 + 184, 3*t - 146 = 5*a. What is the units digit of t?
7
Suppose o = 5*o - 4. Let a(i) = 4*i**2 + i - 1. Let g be a(o). What is the tens digit of (-5)/10 - (-78)/g?
1
Let i be 4/6*(1 + 2). What is the tens digit of (56/6)/(i/3)?
1
Let o be 16/3 - 3/9. Let r be ((-3)/(-5))/(1/o). Let j = r - 2. What is the units digit of j?
1
Suppose 4*k - k - 9 = 0. Suppose k*w = 2*w. Let q = 8 - w. What is the units digit of q?
8
Suppose 0 = -0*f - 3*f + 45. Let j be -6 - (2 + -2 - 2). Let b = j + f. What is the units digit of b?
1
Let o be 0 + -1 + 3 + -8. Suppose 30 - 10 = -5*l. Let g = l - o. What is the units digit of g?
2
Suppose 0 = 3*d - 7*d + 16. Suppose d*q - 50 = -2*n, 55 - 15 = 3*q + 4*n. What is the units digit of q?
2
Let f = -53 + 63. What is the units digit of f?
0
Let l be 21/(-4) + (-2)/(-8). What is the units digit of 5 + l - 3/(-1)?
3
Let n(l) = -2*l**3 - 2*l - 1. What is the tens digit of n(-2)?
1
Let t(c) = -c**2 + 10*c + 7. Let y be ((-4)/6)/((-2)/(-6)). Let b be (y/(-3))/(2/30). What is the units digit of t(b)?
7
Let x be (0 - 1)*0/(-5). Suppose -2*b - 1 = 3*f, x*b = 3*b + 4*f + 4. What is the units digit of b/(-1) + (2 - 1)?
9
Suppose 4*j - 19 = -3. What is the units digit of 1*j/(4/9)?
9
Let a(n) = n**3 + n**2 + n - 29. Let w be a(0). Let c = w + 59. What is the tens digit of c?
3
Suppose 3 = -z, 0*z - 2*z + 50 = 2*r. Let y = r - 17. What is the units digit of y?
1
Let y be ((-4)/(-12))/((-3)/(-18)). Suppose y*b - 4*b = -26. What is the units digit of b?
3
What is the tens digit of -3 - -4 - (-14)/1?
1
Suppose -872 = -5*g - 2*p, -499 = -4*g - 4*p + 201. What is the units digit of g?
4
Suppose 2*h + 10 = 5*m, 2*h - 2*m + 16 = -0. Let j = 1 - h. What is the units digit of j?
1
Let m(o) = o - 3. Let x be m(6). Suppose -u + 4 = 2*z + 2*u, 0 = 5*z + x*u - 10. What is the units digit of z?
2
What is the hundreds digit of (-13091)/(-76) + (-1)/4?
1
Suppose 14 = -2*j + 4*j. Suppose 3*q + p = j, 3*q - p + 4*p = 15. What is the units digit of 42/9 + q/3?
5
Let y(a) = -a**3 + 8*a**2 - 6*a - 2. Let p be y(5). Suppose 3*h + 2*s - 122 = -h, 0 = h - 2*s - p. What is the tens digit of h?
3
What is the units digit of (13 + 1 - 0)*3?
2
Let c(q) = 2*q**2 + q. Let o be c(-1). Let d be (-11)/o*-1 - 2. Let j = 16 - d. What is the units digit of j?
7
Let x(h) = -5*h**3 - 10*h**2 + 10*h + 9. Let r(y) = -2*y**3 - 5*y**2 + 5*y + 4. Let p(i) = 7*r(i) - 3*x(i). Let k be p(4). What is the units digit of 1*k - 2/2?
4
Let j = 203 + -143. Let c = j - 36. What is the units digit of c?
4
Suppose 0 = o - 4*f - 71, 2*o + 5*f - 242 = -2*o. What is the units digit of o?
3
Suppose 2*c = -2*u + 42, 3*c + 1 - 18 = -u. Suppose -u = -2*h + t - 0*t, h - 13 = t. Suppose 5*w - h = 4*w. What is the units digit of w?
0
Let j be (6 + -3)/(-6)*-6. Let l = j - -1. What is the units digit of (-12)/(-1) - 8/l?
0
Suppose c - 29 = -5*i, -3*i = -3*c + 34 + 53. Suppose -q + c = 3*r - 87, r + 2*q = 47. What is the units digit of r?
7
Let d(l) = l**3 - l**2 + l - 1. Let v be d(1). Suppose v = 4*c - 3*x + 3 - 4, -2*c + 3*x - 1 = 0. What is the units digit of c?
1
Let v(l) = l**2 + 7*l + 6. Let r be v(-6). Let t be 1 + r + (0 - 6). Let j(y) = -y**3 - 6*y**2 - 8*y - 3. What is the units digit of j(t)?
2
Suppose -4*l + 2*r = 2 - 0, 3*l = -4*r + 15. What is the units digit of l?
1
Suppose -6*q + 303 + 639 = 0. What is the units digit of q?
7
Suppose 18 = -l - 0*l - 4*s, 2*l + 4*s + 16 = 0. What is the units digit of l/(-6)*(-4 - 29)?
1
Let r = 2 + 3. Suppose -i - 40 = -r*i. What is the tens digit of i?
1
Let j(c) = -c**3 + 7*c**2 + 2. Let t be j(7). What is the units digit of ((-1)/(-2) - -1)*t?
3
Let j(g) = -3*g - 2. Let n be j(-2). Suppose -n*c + 12 = -c, 5*o - 2*c - 72 = 0. What is the units digit of o?
6
Let i(v) be the second derivative of -v**5/20 - v**4/2 + v**3/3 + 7*v**2/2 + 10*v. What is the units digit of i(-7)?
2
Suppose 0 = 5*z + 3*k, 5*z + 0*z - 5*k - 40 = 0. Let g = 8 + z. What is the tens digit of g?
1
Let a = -6 - -8. Suppose 0 = 4*l - 5*g - 87, 0*l = a*l - g - 51. What is the units digit of l?
8
Let h(g) = g**3 + g**2 - g + 8. Let i be h(0). Let d = 6 + i. What is the units digit of d?
4
Suppose -4*f - 125 = -9*f. Suppose 5*a = f, -9 = 3*p - a - 58. What is the units digit of p